on divisor of 1900 and 12160?
380
What is the highest common divisor of 85293 and 273?
39
What is the highest common divisor of 922030 and 10?
10
What is the highest common divisor of 1131 and 37?
1
What is the highest common factor of 47322 and 45?
9
What is the highest common factor of 8096 and 80?
16
Calculate the highest common factor of 9164 and 1856.
116
What is the highest common divisor of 12 and 284236?
4
What is the greatest common factor of 70 and 208054?
14
Calculate the greatest common divisor of 8 and 828.
4
What is the greatest common factor of 14491 and 1376?
43
What is the highest common divisor of 2289 and 58023?
21
Calculate the greatest common factor of 28 and 538174.
14
Calculate the greatest common divisor of 278 and 572819.
139
Calculate the greatest common factor of 350 and 13550.
50
What is the highest common factor of 40 and 252040?
40
Calculate the greatest common divisor of 17503 and 92.
23
Calculate the greatest common divisor of 255952 and 2448.
272
Calculate the greatest common factor of 388830 and 10967.
997
What is the greatest common divisor of 912569 and 7?
7
Calculate the greatest common divisor of 66 and 2647326.
66
What is the highest common divisor of 57320 and 1160?
40
Calculate the greatest common divisor of 276 and 5874.
6
What is the greatest common factor of 8360 and 193496?
152
What is the highest common divisor of 765726 and 338?
26
Calculate the highest common factor of 165 and 292479.
33
What is the highest common divisor of 1402 and 7097625?
701
What is the highest common factor of 216 and 641628?
108
What is the highest common divisor of 42914 and 86?
86
Calculate the greatest common factor of 2046 and 3498.
66
Calculate the highest common divisor of 585 and 126165.
195
Calculate the greatest common divisor of 22816 and 61504.
992
What is the highest common factor of 50739 and 78?
39
What is the highest common factor of 44080 and 1425?
95
What is the greatest common factor of 15057 and 15296?
239
Calculate the highest common divisor of 1617 and 41.
1
Calculate the greatest common factor of 1512 and 9504.
216
What is the greatest common factor of 31127 and 1717?
17
What is the greatest common factor of 1314 and 12556?
146
What is the highest common factor of 2116201 and 19?
19
Calculate the highest common divisor of 51 and 1377.
51
What is the greatest common factor of 9 and 714528?
9
Calculate the highest common factor of 51924 and 24.
12
Calculate the highest common divisor of 562904 and 204.
68
What is the greatest common divisor of 316 and 11870698?
158
Calculate the highest common factor of 38438 and 2.
2
Calculate the greatest common factor of 68 and 34935.
17
Calculate the greatest common factor of 279 and 362979.
279
What is the greatest common divisor of 27950 and 625650?
2150
Calculate the highest common factor of 25994 and 187664.
634
What is the greatest common divisor of 1586340 and 2016?
252
Calculate the greatest common divisor of 69 and 68057.
23
Calculate the greatest common factor of 10138 and 161386.
274
Calculate the highest common divisor of 323317 and 206.
103
What is the greatest common factor of 341 and 23560?
31
Calculate the greatest common divisor of 204 and 35148.
12
What is the greatest common factor of 1050 and 9150?
150
What is the highest common factor of 172612 and 11?
11
What is the greatest common factor of 2268 and 10024?
28
Calculate the greatest common divisor of 11134 and 7325.
293
Calculate the highest common divisor of 68185 and 40.
5
Calculate the highest common factor of 198 and 18512406.
198
What is the highest common divisor of 6288 and 2341232?
2096
What is the greatest common factor of 4743 and 67518?
279
What is the greatest common factor of 368 and 107376?
16
Calculate the highest common factor of 20648 and 3712.
232
Calculate the greatest common divisor of 196 and 12992.
28
Calculate the greatest common divisor of 88 and 26103.
11
What is the greatest common divisor of 352 and 2821544?
88
Calculate the greatest common divisor of 31680 and 3432.
264
What is the greatest common factor of 3410 and 31240?
110
Calculate the greatest common divisor of 69 and 46671.
3
What is the greatest common divisor of 577031 and 663?
221
What is the highest common factor of 13975 and 169?
13
What is the greatest common factor of 73251 and 4?
1
What is the highest common divisor of 209695 and 85?
85
What is the highest common divisor of 3893 and 18581?
17
What is the greatest common divisor of 3053 and 12986?
43
What is the greatest common factor of 8933 and 5?
1
What is the greatest common factor of 169 and 153283?
169
What is the highest common factor of 5917 and 873?
97
Calculate the greatest common divisor of 66996 and 108.
36
What is the greatest common factor of 1816882 and 2?
2
Calculate the greatest common factor of 131987 and 89.
89
Calculate the greatest common factor of 111750 and 1788.
894
What is the greatest common divisor of 2350 and 7614?
94
Calculate the highest common divisor of 30090 and 93.
3
What is the greatest common divisor of 12846 and 12?
6
What is the highest common factor of 2482 and 71029?
73
Calculate the greatest common factor of 195 and 377.
13
What is the highest common divisor of 139 and 6464473?
139
Calculate the highest common factor of 3556 and 761873.
889
Calculate the highest common divisor of 96495 and 63.
21
Calculate the greatest common factor of 596 and 17135.
149
What is the greatest common divisor of 3168 and 78672?
528
What is the highest common divisor of 189 and 521343?
27
What is the greatest common divisor of 95 and 268166?
19
Calculate the highest common factor of 324 and 27276.
12
Calculate the greatest common divisor of 8814313 and 391.
391
Calculate the highest common divisor of 1044 and 8903.
29
Calculate the highest common divisor of 21300 and 2300.
100
What is the highest common factor of 544 and 82195?
17
What is the greatest common divisor of 432 and 11192?
8
Calculate the greatest common divisor of 360 and 11790.
90
Calculate the greatest common divisor of 32049 and 513.
27
What is the highest common factor of 5914946 and 170?
34
What is the highest common factor of 13113466 and 74?
74
Calculate the highest common divisor of 6384 and 8136.
24
What is the highest common divisor of 328 and 9608?
8
What is the greatest common divisor of 24804 and 78?
78
Calculate the highest common divisor of 3690 and 758664.
738
Calculate the greatest common factor of 10 and 13374.
2
What is the highest common divisor of 235960 and 119?
17
Calculate the greatest common factor of 11877 and 10101.
111
Calculate the greatest common divisor of 56 and 847.
7
Calculate the greatest common divisor of 16218 and 246.
6
Calculate the greatest common factor of 153064 and 2438.
106
Calculate the greatest common factor of 202 and 795.
1
What is the greatest common divisor of 11 and 33055?
11
Calculate the greatest common factor of 126495 and 135.
135
Calculate the greatest common divisor of 78848 and 5621.
77
Calculate the greatest common factor of 201856 and 83.
83
Calculate the highest common factor of 1364 and 11264.
44
What is the highest common divisor of 94737 and 69?
69
What is the highest common divisor of 87180 and 40?
20
Calculate the greatest common factor of 72 and 272304.
72
Calculate the highest common factor of 1172 and 2644.
4
Calculate the highest common factor of 143 and 436007.
143
What is the greatest common factor of 18976 and 768?
32
Calculate the greatest common divisor of 6539 and 203715.
503
What is the highest common divisor of 365735 and 758?
379
Calculate the highest common factor of 5871 and 1767.
57
What is the highest common factor of 132489 and 11216?
701
What is the highest common factor of 10 and 1665?
5
What is the greatest common divisor of 57 and 216429?
57
What is the highest common factor of 1700 and 37475?
25
What is the highest common divisor of 40520 and 5480?
40
What is the greatest common factor of 301800 and 675?
75
What is the highest common factor of 38324 and 6097?
871
What is the highest common factor of 277970 and 77?
77
Calculate the greatest common factor of 363 and 4917.
33
What is the highest common divisor of 12800 and 38656?
256
What is the greatest common factor of 1765 and 642